{"id":478,"date":"2018-04-26T19:49:16","date_gmt":"2018-04-26T17:49:16","guid":{"rendered":"http:\/\/www.realschule-altenwalde.de\/wordpress\/?page_id=478"},"modified":"2019-10-28T21:34:54","modified_gmt":"2019-10-28T20:34:54","slug":"schuelerrat","status":"publish","type":"page","link":"https:\/\/www.realschule-altenwalde.de\/wordpress\/unsere-schule\/schuelerrat\/","title":{"rendered":"\ud83d\udde3 Sch\u00fclerrat"},"content":{"rendered":"<h4 style=\"padding-left: 30px;\">Was ist Sch\u00fclervertretung \u00fcberhaupt?&nbsp;<\/h4>\n<p style=\"padding-left: 30px;\">Die Sch\u00fclervertretung&nbsp;ist f\u00fcr die L\u00f6sung der vielen kleinen oder gr\u00f6\u00dferen Problemen zwischen Sch\u00fclerinnen und Sch\u00fclern untereinander und auch jener mit Lehrern zust\u00e4ndig. Sie achtet darauf, dass den Belangen der Sch\u00fclerschaft Geh\u00f6r geschenkt wird. Andersherum versuchen sie aber auch, die Position der Lehrerschaft den Sch\u00fclerinnen und Sch\u00fclern gegen\u00fcber verst\u00e4ndlich zu machen.&nbsp;Sie&nbsp;ist also eine Art Bindeglied zwischen Sch\u00fcler- und Lehrerschaft, eine Art Botschafter. Die Sch\u00fclervertretung repr\u00e4sentiert die Sch\u00fclerschaft in und allen Gremien der Schule gegen\u00fcber.<br \/>\nDas ist keine einfache Aufgabe. Wer sich freiwillig zwischen die Fronten stellt und als Vermittler auftritt, braucht ohne Frage Interesse an der Arbeit, je nach \u00c4mtern auch eine ganze Menge freie Zeit und darf sich von Konfliktsituationen und Problemen nicht abschrecken lassen, sondern muss sie friedlich l\u00f6sen k\u00f6nnen.<\/p>\n<h4 style=\"padding-left: 30px;\">Und wer ist in der Sch\u00fclervertretung?<\/h4>\n<p style=\"padding-left: 30px;\">Das Nieders\u00e4chsische Schulgesetz (NSchG) legt fest (\u00a7 72), dass Sch\u00fclerinnen und Sch\u00fcler in der Schule durch diverse \u00c4mter mitwirken d\u00fcrfen. Da sind zun\u00e4chst die Klassensprecherinnen und Klassensprecher, die von der Klassensch\u00fclerschaft (also der &#8222;Klasse&#8220;) gew\u00e4hlt werden. Dann ist da noch der Sch\u00fclerrat, der normalerweise aus den Klassensprecherinnen und Klassensprechern besteht. Durch eine besondere Ordnung, die Gesch\u00e4ftsordnung, kann man auch andere Sch\u00fclerinnen und Sch\u00fcler, zum Beispiel die Stellvertreter der Klassensprecherinnen und Klassensprecher, mit in den Sch\u00fclerrat aufnehmen.<br \/>\nAlle diese Sch\u00fclerinnen und Sch\u00fcler stellen gemeinsam die Sch\u00fclervertretung dar.<\/p>\n<p style=\"padding-left: 30px;\">Die in diesem Schuljahr gew\u00e4hlten Sch\u00fclersprecher sind&nbsp;<strong>Kylian Taufmann<\/strong> und <strong>Fabio Bursky<\/strong>.<\/p>\n<p>&nbsp;<\/p>\n<h4 style=\"padding-left: 30px;\">Was macht die Sch\u00fclervertretung?<\/h4>\n<p style=\"padding-left: 30px;\">Der Sch\u00fclerrat w\u00e4hlt Vertreterinnen und Vertreter in Konferenzen (zum Beispiel der Gesamtkonferenz oder der einzelnen Fachkonferenzen) und Aussch\u00fcssen.&nbsp;Diese sind in der Gesamtkonferenz und den Fachkonferenzen stimmberechtigt und k\u00f6nnen sich so wirksam f\u00fcr die Interessen der Sch\u00fclerschaft einsetzen. Gesetzlich fest verankerte Verh\u00e4ltnisse zwischen Sch\u00fclervertretern, Elternvertretern und Lehrern in den Konferenzen sorgen daf\u00fcr, dass dabei niemand zu kurz kommt.&nbsp;Weiter werden vom Sch\u00fclerrat auch die Sch\u00fclersprecherinnen und Sch\u00fclersprecher gew\u00e4hlt.&nbsp;Diese leiten die Sch\u00fclerratssitzungen, sind f\u00fcr die laufende Arbeit und den Kontakt mit anderen Sch\u00fclervertretungen zust\u00e4ndig und halten in w\u00f6chentlichen Gesp\u00e4chen den Kontakt zur Schulleitung. Genau wie die \u00fcbrigen Mitglieder des Sch\u00fclerrates k\u00f6nnen die Sch\u00fclersprecherinnen und Sch\u00fclersprecher nat\u00fcrlich auch \u00c4mter als Konferenzvertreter annehmen.&nbsp;<\/p>\n<p style=\"padding-left: 30px;\">Alle Klassensprecher werden durch einen Workshop im Haus der Jugend durch den Stadtjugendpfleger, Herrn Pawlowski und Frau Hoffmann fortgebildet.<\/p>\n<h4 style=\"padding-left: 30px;\">Wie kann ich mich in der Sch\u00fclervertretung engagieren?<\/h4>\n<p style=\"padding-left: 30px;\">Auch wenn eigentlich nur Klassensprecherinnen und Klassensprecher sowie deren Stellvertreterinnen und Stellvertreter Mitglieder des Sch\u00fclerrates sind, kann sich jeder Sch\u00fcler in der Sch\u00fclervertretung engagieren. Das einzige, was man braucht, ist gen\u00fcgend Eigeninitiative, um Ver\u00e4nderungen in der Schule nach vorne zu treiben.<\/p>\n<p>&nbsp;<\/p>\n","protected":false},"excerpt":{"rendered":"<p>Was ist Sch\u00fclervertretung \u00fcberhaupt?&nbsp; Die Sch\u00fclervertretung&nbsp;ist f\u00fcr die L\u00f6sung der vielen kleinen oder gr\u00f6\u00dferen Problemen zwischen Sch\u00fclerinnen und Sch\u00fclern untereinander und auch jener mit Lehrern zust\u00e4ndig. Sie achtet darauf, dass den Belangen der Sch\u00fclerschaft Geh\u00f6r geschenkt wird. Andersherum versuchen sie aber auch, die Position der Lehrerschaft den Sch\u00fclerinnen und Sch\u00fclern gegen\u00fcber verst\u00e4ndlich zu machen.&nbsp;Sie&nbsp;ist also &hellip; <\/p>\n<p><a class=\"more-link btn\" href=\"https:\/\/www.realschule-altenwalde.de\/wordpress\/unsere-schule\/schuelerrat\/\">Weiterlesen<\/a><\/p>\n","protected":false},"author":1,"featured_media":0,"parent":4,"menu_order":5,"comment_status":"closed","ping_status":"closed","template":"","meta":{"ngg_post_thumbnail":0},"_links":{"self":[{"href":"https:\/\/www.realschule-altenwalde.de\/wordpress\/wp-json\/wp\/v2\/pages\/478"}],"collection":[{"href":"https:\/\/www.realschule-altenwalde.de\/wordpress\/wp-json\/wp\/v2\/pages"}],"about":[{"href":"https:\/\/www.realschule-altenwalde.de\/wordpress\/wp-json\/wp\/v2\/types\/page"}],"author":[{"embeddable":true,"href":"https:\/\/www.realschule-altenwalde.de\/wordpress\/wp-json\/wp\/v2\/users\/1"}],"replies":[{"embeddable":true,"href":"https:\/\/www.realschule-altenwalde.de\/wordpress\/wp-json\/wp\/v2\/comments?post=478"}],"version-history":[{"count":9,"href":"https:\/\/www.realschule-altenwalde.de\/wordpress\/wp-json\/wp\/v2\/pages\/478\/revisions"}],"predecessor-version":[{"id":1775,"href":"https:\/\/www.realschule-altenwalde.de\/wordpress\/wp-json\/wp\/v2\/pages\/478\/revisions\/1775"}],"up":[{"embeddable":true,"href":"https:\/\/www.realschule-altenwalde.de\/wordpress\/wp-json\/wp\/v2\/pages\/4"}],"wp:attachment":[{"href":"https:\/\/www.realschule-altenwalde.de\/wordpress\/wp-json\/wp\/v2\/media?parent=478"}],"curies":[{"name":"wp","href":"https:\/\/api.w.org\/{rel}","templated":true}]}}