{"id":2428,"date":"2022-02-10T18:27:05","date_gmt":"2022-02-10T17:27:05","guid":{"rendered":"https:\/\/www.realschule-altenwalde.de\/wordpress\/?page_id=2428"},"modified":"2025-06-04T17:34:35","modified_gmt":"2025-06-04T15:34:35","slug":"mint-schule","status":"publish","type":"page","link":"https:\/\/www.realschule-altenwalde.de\/wordpress\/unsere-schule\/mint-schule\/","title":{"rendered":"\u2697\ufe0f MINT-Schule"},"content":{"rendered":"<p style=\"padding-left: 40px;\"><img loading=\"lazy\" class=\"size-full wp-image-2429 alignright\" src=\"https:\/\/www.realschule-altenwalde.de\/wordpress\/wp-content\/uploads\/2022\/02\/Max_mine_gross.png\" alt=\"\" width=\"240\" height=\"270\" srcset=\"https:\/\/www.realschule-altenwalde.de\/wordpress\/wp-content\/uploads\/2022\/02\/Max_mine_gross.png 240w, https:\/\/www.realschule-altenwalde.de\/wordpress\/wp-content\/uploads\/2022\/02\/Max_mine_gross-89x100.png 89w\" sizes=\"(max-width: 240px) 100vw, 240px\" \/>Ein Schwerpunkt an unserer Schule ist der Bereich der F\u00e4cher <strong>M<\/strong>athematik, <strong>In<\/strong>formatik, <strong>N<\/strong>aturwissenschaften und <strong>T<\/strong>echnik (MINT).<\/p>\n<p style=\"padding-left: 40px;\">Wir f\u00f6rdern durch praxisnahe Inhalte die Begeisterung f\u00fcr MINT-F\u00e4cher.<\/p>\n<p style=\"padding-left: 40px;\">Im WPK \u2013 Bereich k\u00f6nnen die Sch\u00fclerinnen und Sch\u00fcler in allen Jahrg\u00e4ngen zahlreiche MINT &#8211; Angebote w\u00e4hlen.<\/p>\n<p style=\"padding-left: 40px;\">Ab dem Jahrgang 7 nehmen jedes Jahr interessierte Sch\u00fclerinnen und Sch\u00fcler am Chemie -Wettbewerb \u201e<a href=\"https:\/\/dechemax.de\" target=\"_blank\" rel=\"noopener\">DeChemax<\/a>\u201c teil.<\/p>\n<p style=\"font-weight: 400; padding-left: 40px;\">Im Schuljahr 2021\/2022 haben Sch\u00fclerinnen und Sch\u00fcler unserer Schule erstmals am Chemiewettbewerb DeChemaxerfolgreich teilgenommen. Eine Gruppe hat bei der Teilnahme an der Experimentalrunde besonders gut abgeschnitten. Sie wurden mit der folgenden Urkunde belohnt:<\/p>\n<p><a href=\"https:\/\/www.realschule-altenwalde.de\/wordpress\/wp-content\/uploads\/2022\/06\/urkunde-dechemax-scaled.jpg\"><img loading=\"lazy\" class=\"aligncenter size-medium wp-image-2577\" src=\"https:\/\/www.realschule-altenwalde.de\/wordpress\/wp-content\/uploads\/2022\/06\/urkunde-dechemax-211x300.jpg\" alt=\"\" width=\"211\" height=\"300\" srcset=\"https:\/\/www.realschule-altenwalde.de\/wordpress\/wp-content\/uploads\/2022\/06\/urkunde-dechemax-211x300.jpg 211w, https:\/\/www.realschule-altenwalde.de\/wordpress\/wp-content\/uploads\/2022\/06\/urkunde-dechemax-721x1024.jpg 721w, https:\/\/www.realschule-altenwalde.de\/wordpress\/wp-content\/uploads\/2022\/06\/urkunde-dechemax-768x1091.jpg 768w, https:\/\/www.realschule-altenwalde.de\/wordpress\/wp-content\/uploads\/2022\/06\/urkunde-dechemax-1081x1536.jpg 1081w, https:\/\/www.realschule-altenwalde.de\/wordpress\/wp-content\/uploads\/2022\/06\/urkunde-dechemax-1442x2048.jpg 1442w, https:\/\/www.realschule-altenwalde.de\/wordpress\/wp-content\/uploads\/2022\/06\/urkunde-dechemax-750x1065.jpg 750w, https:\/\/www.realschule-altenwalde.de\/wordpress\/wp-content\/uploads\/2022\/06\/urkunde-dechemax-70x100.jpg 70w, https:\/\/www.realschule-altenwalde.de\/wordpress\/wp-content\/uploads\/2022\/06\/urkunde-dechemax-scaled.jpg 1802w\" sizes=\"(max-width: 211px) 100vw, 211px\" \/><\/a><\/p>\n<p style=\"padding-left: 40px;\">Auch im Schuljahr 2024\/2025 waren wir wieder erfolgreich:<br \/>\n<a href=\"https:\/\/www.realschule-altenwalde.de\/wordpress\/wp-content\/uploads\/2025\/01\/urkunde-dechemax25.png\"><img loading=\"lazy\" class=\"aligncenter wp-image-3403 size-medium\" src=\"https:\/\/www.realschule-altenwalde.de\/wordpress\/wp-content\/uploads\/2025\/01\/urkunde-dechemax25-211x300.png\" alt=\"\" width=\"211\" height=\"300\" srcset=\"https:\/\/www.realschule-altenwalde.de\/wordpress\/wp-content\/uploads\/2025\/01\/urkunde-dechemax25-211x300.png 211w, https:\/\/www.realschule-altenwalde.de\/wordpress\/wp-content\/uploads\/2025\/01\/urkunde-dechemax25-721x1024.png 721w, https:\/\/www.realschule-altenwalde.de\/wordpress\/wp-content\/uploads\/2025\/01\/urkunde-dechemax25-768x1091.png 768w, https:\/\/www.realschule-altenwalde.de\/wordpress\/wp-content\/uploads\/2025\/01\/urkunde-dechemax25-1081x1536.png 1081w, https:\/\/www.realschule-altenwalde.de\/wordpress\/wp-content\/uploads\/2025\/01\/urkunde-dechemax25-750x1065.png 750w, https:\/\/www.realschule-altenwalde.de\/wordpress\/wp-content\/uploads\/2025\/01\/urkunde-dechemax25-70x100.png 70w, https:\/\/www.realschule-altenwalde.de\/wordpress\/wp-content\/uploads\/2025\/01\/urkunde-dechemax25.png 1220w\" sizes=\"(max-width: 211px) 100vw, 211px\" \/><\/a><\/p>\n<div style=\"width: 750px;\" class=\"wp-video\"><!--[if lt IE 9]><script>document.createElement('video');<\/script><![endif]-->\n<video class=\"wp-video-shortcode\" id=\"video-2428-1\" width=\"750\" height=\"422\" preload=\"metadata\" controls=\"controls\"><source type=\"video\/mp4\" src=\"https:\/\/www.realschule-altenwalde.de\/wordpress\/wp-content\/uploads\/2025\/06\/ChemieAw1_Klassenstufe8und10.mp4?_=1\" \/><a href=\"https:\/\/www.realschule-altenwalde.de\/wordpress\/wp-content\/uploads\/2025\/06\/ChemieAw1_Klassenstufe8und10.mp4\">https:\/\/www.realschule-altenwalde.de\/wordpress\/wp-content\/uploads\/2025\/06\/ChemieAw1_Klassenstufe8und10.mp4<\/a><\/video><\/div>\n<p style=\"padding-left: 40px;\"><span style=\"font-weight: 400;\">Wir hoffen, dass auch im n\u00e4chsten Jahr wieder viele Sch\u00fclerinnen und Sch\u00fcler am DECHEMAX-Wettbewerb teilnehmen werden.<\/span><\/p>\n<p style=\"padding-left: 40px;\">In der Arbeitsgemeinschaft \u201e<a href=\"https:\/\/www.realschule-altenwalde.de\/wordpress\/unsere-schule\/lego-spike-prime\/\">Lego Spike Prime<\/a>\u201c, bauen und programmieren unsere Sch\u00fclerinnen und Sch\u00fcler fahrende, h\u00fcpfende und springende Roboter.<\/p>\n<p style=\"padding-left: 40px;\">Im 2. Schulhalbjahr findet im 6. Jahrgang ein Tag der Naturwissenschaften, in Form von Projekten statt.<\/p>\n<p style=\"padding-left: 40px;\">Zu au\u00dferschulischen Lernorten, wie z.B. das Watt, der Wald, die Ideenexpo werden Exkursionen durchgef\u00fchrt.<\/p>\n<p style=\"padding-left: 40px;\">Mit der <a href=\"https:\/\/www.realschule-altenwalde.de\/wordpress\/berufsorientierung\/\">Berufsorientierung<\/a> an unserer Schule ist der MINT -Bereich eng verkn\u00fcpft. Die Schulpraktika in technisch und naturwissenschaftlich arbeitenden Betrieben werden gerne wahrgenommen.&nbsp;&nbsp;&nbsp;&nbsp; Unsere Kooperationspartner hierbei sind die EWE und die <a href=\"https:\/\/www.me-vermitteln.de\/m-e-infotruck\" target=\"_blank\" rel=\"noopener\">Metall- und Elektroinnung<\/a>. Jedes Jahr besucht uns das <a href=\"https:\/\/www.ewe.com\/de\/ueber-uns\/engagement\/schule-und-bildung\/ewe-schulmobile\" target=\"_blank\" rel=\"noopener\">EWE-Mobil<\/a> und erstmalig der M+E Truck der Metall- und Elektroindustrie unsere Schule.<\/p>\n","protected":false},"excerpt":{"rendered":"<p>Ein Schwerpunkt an unserer Schule ist der Bereich der F\u00e4cher Mathematik, Informatik, Naturwissenschaften und Technik (MINT). Wir f\u00f6rdern durch praxisnahe Inhalte die Begeisterung f\u00fcr MINT-F\u00e4cher. Im WPK \u2013 Bereich k\u00f6nnen die Sch\u00fclerinnen und Sch\u00fcler in allen Jahrg\u00e4ngen zahlreiche MINT &#8211; Angebote w\u00e4hlen. Ab dem Jahrgang 7 nehmen jedes Jahr interessierte Sch\u00fclerinnen und Sch\u00fcler am Chemie &hellip; <\/p>\n<p><a class=\"more-link btn\" href=\"https:\/\/www.realschule-altenwalde.de\/wordpress\/unsere-schule\/mint-schule\/\">Weiterlesen<\/a><\/p>\n","protected":false},"author":1,"featured_media":2429,"parent":4,"menu_order":3,"comment_status":"closed","ping_status":"closed","template":"","meta":{"ngg_post_thumbnail":0},"_links":{"self":[{"href":"https:\/\/www.realschule-altenwalde.de\/wordpress\/wp-json\/wp\/v2\/pages\/2428"}],"collection":[{"href":"https:\/\/www.realschule-altenwalde.de\/wordpress\/wp-json\/wp\/v2\/pages"}],"about":[{"href":"https:\/\/www.realschule-altenwalde.de\/wordpress\/wp-json\/wp\/v2\/types\/page"}],"author":[{"embeddable":true,"href":"https:\/\/www.realschule-altenwalde.de\/wordpress\/wp-json\/wp\/v2\/users\/1"}],"replies":[{"embeddable":true,"href":"https:\/\/www.realschule-altenwalde.de\/wordpress\/wp-json\/wp\/v2\/comments?post=2428"}],"version-history":[{"count":8,"href":"https:\/\/www.realschule-altenwalde.de\/wordpress\/wp-json\/wp\/v2\/pages\/2428\/revisions"}],"predecessor-version":[{"id":3460,"href":"https:\/\/www.realschule-altenwalde.de\/wordpress\/wp-json\/wp\/v2\/pages\/2428\/revisions\/3460"}],"up":[{"embeddable":true,"href":"https:\/\/www.realschule-altenwalde.de\/wordpress\/wp-json\/wp\/v2\/pages\/4"}],"wp:featuredmedia":[{"embeddable":true,"href":"https:\/\/www.realschule-altenwalde.de\/wordpress\/wp-json\/wp\/v2\/media\/2429"}],"wp:attachment":[{"href":"https:\/\/www.realschule-altenwalde.de\/wordpress\/wp-json\/wp\/v2\/media?parent=2428"}],"curies":[{"name":"wp","href":"https:\/\/api.w.org\/{rel}","templated":true}]}}

<p style="padding-left: 40px;"><img loading="lazy" class="size-full wp-image-2429 alignright" src="https://www.realschule-altenwalde.de/wordpress/wp-content/uploads/2022/02/Max_mine_gross.png" alt="" width="240" height="270" srcset="https://www.realschule-altenwalde.de/wordpress/wp-content/uploads/2022/02/Max_mine_gross.png 240w, https://www.realschule-altenwalde.de/wordpress/wp-content/uploads/2022/02/Max_mine_gross-89x100.png 89w" sizes="(max-width: 240px) 100vw, 240px" />Ein Schwerpunkt an unserer Schule ist der Bereich der Fächer <strong>M</strong>athematik, <strong>In</strong>formatik, <strong>N</strong>aturwissenschaften und <strong>T</strong>echnik (MINT).</p>
<p style="padding-left: 40px;">Wir fördern durch praxisnahe Inhalte die Begeisterung für MINT-Fächer.</p>
<p style="padding-left: 40px;">Im WPK – Bereich können die Schülerinnen und Schüler in allen Jahrgängen zahlreiche MINT &#8211; Angebote wählen.</p>
<p style="padding-left: 40px;">Ab dem Jahrgang 7 nehmen jedes Jahr interessierte Schülerinnen und Schüler am Chemie -Wettbewerb „<a href="https://dechemax.de" target="_blank" rel="noopener">DeChemax</a>“ teil.</p>
<p style="font-weight: 400; padding-left: 40px;">Im Schuljahr 2021/2022 haben Schülerinnen und Schüler unserer Schule erstmals am Chemiewettbewerb DeChemaxerfolgreich teilgenommen. Eine Gruppe hat bei der Teilnahme an der Experimentalrunde besonders gut abgeschnitten. Sie wurden mit der folgenden Urkunde belohnt:</p>
<p><a href="https://www.realschule-altenwalde.de/wordpress/wp-content/uploads/2022/06/urkunde-dechemax-scaled.jpg"><img loading="lazy" class="aligncenter size-medium wp-image-2577" src="https://www.realschule-altenwalde.de/wordpress/wp-content/uploads/2022/06/urkunde-dechemax-211x300.jpg" alt="" width="211" height="300" srcset="https://www.realschule-altenwalde.de/wordpress/wp-content/uploads/2022/06/urkunde-dechemax-211x300.jpg 211w, https://www.realschule-altenwalde.de/wordpress/wp-content/uploads/2022/06/urkunde-dechemax-721x1024.jpg 721w, https://www.realschule-altenwalde.de/wordpress/wp-content/uploads/2022/06/urkunde-dechemax-768x1091.jpg 768w, https://www.realschule-altenwalde.de/wordpress/wp-content/uploads/2022/06/urkunde-dechemax-1081x1536.jpg 1081w, https://www.realschule-altenwalde.de/wordpress/wp-content/uploads/2022/06/urkunde-dechemax-1442x2048.jpg 1442w, https://www.realschule-altenwalde.de/wordpress/wp-content/uploads/2022/06/urkunde-dechemax-750x1065.jpg 750w, https://www.realschule-altenwalde.de/wordpress/wp-content/uploads/2022/06/urkunde-dechemax-70x100.jpg 70w, https://www.realschule-altenwalde.de/wordpress/wp-content/uploads/2022/06/urkunde-dechemax-scaled.jpg 1802w" sizes="(max-width: 211px) 100vw, 211px" /></a></p>
<p style="padding-left: 40px;">Auch im Schuljahr 2024/2025 waren wir wieder erfolgreich:<br />
<a href="https://www.realschule-altenwalde.de/wordpress/wp-content/uploads/2025/01/urkunde-dechemax25.png"><img loading="lazy" class="aligncenter wp-image-3403 size-medium" src="https://www.realschule-altenwalde.de/wordpress/wp-content/uploads/2025/01/urkunde-dechemax25-211x300.png" alt="" width="211" height="300" srcset="https://www.realschule-altenwalde.de/wordpress/wp-content/uploads/2025/01/urkunde-dechemax25-211x300.png 211w, https://www.realschule-altenwalde.de/wordpress/wp-content/uploads/2025/01/urkunde-dechemax25-721x1024.png 721w, https://www.realschule-altenwalde.de/wordpress/wp-content/uploads/2025/01/urkunde-dechemax25-768x1091.png 768w, https://www.realschule-altenwalde.de/wordpress/wp-content/uploads/2025/01/urkunde-dechemax25-1081x1536.png 1081w, https://www.realschule-altenwalde.de/wordpress/wp-content/uploads/2025/01/urkunde-dechemax25-750x1065.png 750w, https://www.realschule-altenwalde.de/wordpress/wp-content/uploads/2025/01/urkunde-dechemax25-70x100.png 70w, https://www.realschule-altenwalde.de/wordpress/wp-content/uploads/2025/01/urkunde-dechemax25.png 1220w" sizes="(max-width: 211px) 100vw, 211px" /></a></p>
<div style="width: 750px;" class="wp-video"><!--[if lt IE 9]><script>document.createElement('video');</script><![endif]-->
<video class="wp-video-shortcode" id="video-2428-1" width="750" height="422" preload="metadata" controls="controls"><source type="video/mp4" src="https://www.realschule-altenwalde.de/wordpress/wp-content/uploads/2025/06/ChemieAw1_Klassenstufe8und10.mp4?_=1" /><a href="https://www.realschule-altenwalde.de/wordpress/wp-content/uploads/2025/06/ChemieAw1_Klassenstufe8und10.mp4">https://www.realschule-altenwalde.de/wordpress/wp-content/uploads/2025/06/ChemieAw1_Klassenstufe8und10.mp4</a></video></div>
<p style="padding-left: 40px;"><span style="font-weight: 400;">Wir hoffen, dass auch im nächsten Jahr wieder viele Schülerinnen und Schüler am DECHEMAX-Wettbewerb teilnehmen werden.</span></p>
<p style="padding-left: 40px;">In der Arbeitsgemeinschaft „<a href="https://www.realschule-altenwalde.de/wordpress/unsere-schule/lego-spike-prime/">Lego Spike Prime</a>“, bauen und programmieren unsere Schülerinnen und Schüler fahrende, hüpfende und springende Roboter.</p>
<p style="padding-left: 40px;">Im 2. Schulhalbjahr findet im 6. Jahrgang ein Tag der Naturwissenschaften, in Form von Projekten statt.</p>
<p style="padding-left: 40px;">Zu außerschulischen Lernorten, wie z.B. das Watt, der Wald, die Ideenexpo werden Exkursionen durchgeführt.</p>
<p style="padding-left: 40px;">Mit der <a href="https://www.realschule-altenwalde.de/wordpress/berufsorientierung/">Berufsorientierung</a> an unserer Schule ist der MINT -Bereich eng verknüpft. Die Schulpraktika in technisch und naturwissenschaftlich arbeitenden Betrieben werden gerne wahrgenommen.&nbsp;&nbsp;&nbsp;&nbsp; Unsere Kooperationspartner hierbei sind die EWE und die <a href="https://www.me-vermitteln.de/m-e-infotruck" target="_blank" rel="noopener">Metall- und Elektroinnung</a>. Jedes Jahr besucht uns das <a href="https://www.ewe.com/de/ueber-uns/engagement/schule-und-bildung/ewe-schulmobile" target="_blank" rel="noopener">EWE-Mobil</a> und erstmalig der M+E Truck der Metall- und Elektroindustrie unsere Schule.</p>

<p>Ein Schwerpunkt an unserer Schule ist der Bereich der Fächer Mathematik, Informatik, Naturwissenschaften und Technik (MINT). Wir fördern durch praxisnahe Inhalte die Begeisterung für MINT-Fächer. Im WPK – Bereich können die Schülerinnen und Schüler in allen Jahrgängen zahlreiche MINT &#8211; Angebote wählen. Ab dem Jahrgang 7 nehmen jedes Jahr interessierte Schülerinnen und Schüler am Chemie &hellip; </p>
<p><a class="more-link btn" href="https://www.realschule-altenwalde.de/wordpress/unsere-schule/mint-schule/">Weiterlesen</a></p>
