{"id":1099,"date":"2018-05-16T20:03:34","date_gmt":"2018-05-16T18:03:34","guid":{"rendered":"http:\/\/www.realschule-altenwalde.de\/wordpress\/?page_id=1099"},"modified":"2024-12-18T20:10:58","modified_gmt":"2024-12-18T19:10:58","slug":"beratungslehrer","status":"publish","type":"page","link":"https:\/\/www.realschule-altenwalde.de\/wordpress\/kollegium\/beratungslehrer\/","title":{"rendered":"\u262f\ufe0f Beratungslehrer"},"content":{"rendered":"<p><strong><span style=\"color: #ff0000;\">Aktuell haben wir keinen Beratungslehrer. Bitte wenden Sie oder wendet euch so lange an <a href=\"https:\/\/www.realschule-altenwalde.de\/wordpress\/kollegium\/schulsozialarbeiterin\/\">Frau Meyer<\/a>.<\/span><\/strong><\/p>\n<hr>\n<p>&nbsp;<\/p>\n<p>&nbsp;<\/p>\n<p style=\"padding-left: 30px;\">Unser Beratungslehrer hat immer ein offenes Ohr. Sollte jemand Probleme im schulischen oder privaten Bereich haben, kann man ihn jederzeit im Lehrerzimmer oder auf dem Pausenhof ansprechen oder \u00fcber das Sekretariat einen Gespr\u00e4chstermin mit ihm absprechen.<\/p>\n<h3>Aktuelle Sprechstunde:<br \/>\n<span style=\"color: #ff0000;\">momentan nicht verf\u00fcgbar<\/span><\/h3>\n<h4 style=\"padding-left: 30px;\">Was bietet die Beratung?<\/h4>\n<p style=\"padding-left: 30px;\">Zeit zum Zuh\u00f6ren<br \/>\nGespr\u00e4che<br \/>\nProblemkl\u00e4rung<br \/>\nHilfe und Unterst\u00fctzung bei der Suche nach L\u00f6sungswegen<\/p>\n<h4 style=\"padding-left: 40px;\">Grunds\u00e4tze des Beratungslehrers!<\/h4>\n<ul>\n<li style=\"list-style-type: none;\">\n<ul>\n<li>Beratung ist freiwillig<\/li>\n<li>Beratung ist streng vertraulich<\/li>\n<li>Beratung ist partnerschaftlich<\/li>\n<li>Beratung ist Hilfe zur Selbsthilfe &nbsp;\n<ul>\n<li>Die Arbeit des Beratungslehrers hat reinen Beratungscharakter und beinhaltet gem\u00e4\u00df der&nbsp;&nbsp;&nbsp;&nbsp;Ausbildung zum Beratungslehrer keine therapeutischen Ma\u00dfnahmen.<\/li>\n<\/ul>\n<\/li>\n<\/ul>\n<\/li>\n<\/ul>\n<h4 style=\"padding-left: 40px;\"><strong>Das Arbeitsfeld des Beratungslehrers stellt sich wie folgt dar:<\/strong><\/h4>\n<ul>\n<li style=\"list-style-type: none;\">\n<ul>\n<li>Einzelfallberatung\n<ul>\n<li>Sch\u00fcler, Eltern und Kollegen werden individuell beraten.<\/li>\n<\/ul>\n<\/li>\n<li>Bearbeitung von Schwierigkeiten mit dem eigenen Lernverhalten, Fragen zur Schullaufbahn und zur beruflichen Laufbahn.<\/li>\n<li>Bearbeitung von Schwierigkeiten einzelner Sch\u00fcler mit Lehrern und Mitsch\u00fclern, Eltern, Geschwistern oder Freunden.<\/li>\n<li>Moderation von Konfliktgespr\u00e4chen<\/li>\n<li>Beratung der Sch\u00fclervertretung der Schule sowie deren Unterst\u00fctzung bei der Wahl zur Sch\u00fclervertretung und bei deren Konferenzarbeit.<\/li>\n<li>Durchf\u00fchrung regelm\u00e4\u00dfiger Treffen mit den Sch\u00fclervertretern.<\/li>\n<li>Organisation und Durchf\u00fchrung eines Seminars jeweils zum Schuljahresbeginn mit den Klassensprechern und deren Vertretern in Zusammenarbeit mit dem Haus der Jugend der Stadt Cuxhaven. In diesem Seminar werden die Teilnehmer bez\u00fcglich Ihrer Rechte, Pflichten und Aufgaben geschult.<\/li>\n<\/ul>\n<\/li>\n<\/ul>\n<p style=\"padding-left: 30px;\">&nbsp;<br \/>\n&nbsp;<\/p>\n","protected":false},"excerpt":{"rendered":"<p>Aktuell haben wir keinen Beratungslehrer. Bitte wenden Sie oder wendet euch so lange an Frau Meyer. &nbsp; &nbsp; Unser Beratungslehrer hat immer ein offenes Ohr. Sollte jemand Probleme im schulischen oder privaten Bereich haben, kann man ihn jederzeit im Lehrerzimmer oder auf dem Pausenhof ansprechen oder \u00fcber das Sekretariat einen Gespr\u00e4chstermin mit ihm absprechen. Aktuelle &hellip; <\/p>\n<p><a class=\"more-link btn\" href=\"https:\/\/www.realschule-altenwalde.de\/wordpress\/kollegium\/beratungslehrer\/\">Weiterlesen<\/a><\/p>\n","protected":false},"author":1,"featured_media":0,"parent":589,"menu_order":3,"comment_status":"closed","ping_status":"closed","template":"","meta":{"ngg_post_thumbnail":0},"_links":{"self":[{"href":"https:\/\/www.realschule-altenwalde.de\/wordpress\/wp-json\/wp\/v2\/pages\/1099"}],"collection":[{"href":"https:\/\/www.realschule-altenwalde.de\/wordpress\/wp-json\/wp\/v2\/pages"}],"about":[{"href":"https:\/\/www.realschule-altenwalde.de\/wordpress\/wp-json\/wp\/v2\/types\/page"}],"author":[{"embeddable":true,"href":"https:\/\/www.realschule-altenwalde.de\/wordpress\/wp-json\/wp\/v2\/users\/1"}],"replies":[{"embeddable":true,"href":"https:\/\/www.realschule-altenwalde.de\/wordpress\/wp-json\/wp\/v2\/comments?post=1099"}],"version-history":[{"count":17,"href":"https:\/\/www.realschule-altenwalde.de\/wordpress\/wp-json\/wp\/v2\/pages\/1099\/revisions"}],"predecessor-version":[{"id":3349,"href":"https:\/\/www.realschule-altenwalde.de\/wordpress\/wp-json\/wp\/v2\/pages\/1099\/revisions\/3349"}],"up":[{"embeddable":true,"href":"https:\/\/www.realschule-altenwalde.de\/wordpress\/wp-json\/wp\/v2\/pages\/589"}],"wp:attachment":[{"href":"https:\/\/www.realschule-altenwalde.de\/wordpress\/wp-json\/wp\/v2\/media?parent=1099"}],"curies":[{"name":"wp","href":"https:\/\/api.w.org\/{rel}","templated":true}]}}