{"id":1067,"date":"2018-05-13T18:24:07","date_gmt":"2018-05-13T16:24:07","guid":{"rendered":"http:\/\/www.realschule-altenwalde.de\/wordpress\/?page_id=1067"},"modified":"2020-12-18T17:00:21","modified_gmt":"2020-12-18T16:00:21","slug":"ac-kompetenzanalyse","status":"publish","type":"page","link":"https:\/\/www.realschule-altenwalde.de\/wordpress\/berufsorientierung\/ac-kompetenzanalyse\/","title":{"rendered":"\ud83d\udcca AC Kompetenzanalyse"},"content":{"rendered":"<p style=\"padding-left: 30px;\">Die Kompetenzanalyse Profil AC wird mittlerweile seit dem Schuljahr 2014\/15 an unserer Schule angeboten. In den vergangen Jahren wurde diese Ma\u00dfnahme gerne von Sch\u00fclerinnen und Sch\u00fclern angew\u00e4hlt. Wir f\u00fchren sie immer im siebten Jahrgang durch und sie bildet somit den Einstieg in die Berufsorientierung.<\/p>\n<h5 style=\"padding-left: 30px;\">So l\u00e4uft das Verfahren in der Schule ab:<\/h5>\n<p style=\"padding-left: 30px;\">1.&nbsp;&nbsp;&nbsp;&nbsp;Planspiele, Tests und Fragebogen am Computer, Gruppenprojekte, Einzelaufgaben<br \/>\n2.&nbsp;&nbsp;&nbsp;&nbsp;Selbst- und Fremdeinsch\u00e4tzung<br \/>\n3.&nbsp;&nbsp;&nbsp;&nbsp;Erstellung eines pers\u00f6nlichen Kompetenzprofils<br \/>\n4.&nbsp;&nbsp;&nbsp;&nbsp;Individuelles R\u00fcckmeldegespr\u00e4ch mit Ihrem Kind und Ihnen als Eltern<br \/>\n&nbsp;<br \/>\nDas Kompetenzprofil wird ausschlie\u00dflich als Basis f\u00fcr die Ausrichtung der individuellen F\u00f6rderung an der Schule genutzt. Bei der Erhebung und Speicherung der Daten werden alle datenschutzrechtlichen Vorschriften eingehalten.<\/p>\n<p style=\"padding-left: 30px;\">Die Erfahrungen mit dem Einsatz des Verfahrens an unserer Schule zeigen, dass die Sch\u00fclerinnen und Sch\u00fcler die Aufgaben mit viel Spa\u00df und gro\u00dfem Engagement erledigen. Sie sind stolz auf ihre Arbeitsergebnisse und auf &#8222;ihr eigenes&#8220; Kompetenzprofil.<\/p>\n","protected":false},"excerpt":{"rendered":"<p>Die Kompetenzanalyse Profil AC wird mittlerweile seit dem Schuljahr 2014\/15 an unserer Schule angeboten. In den vergangen Jahren wurde diese Ma\u00dfnahme gerne von Sch\u00fclerinnen und Sch\u00fclern angew\u00e4hlt. Wir f\u00fchren sie immer im siebten Jahrgang durch und sie bildet somit den Einstieg in die Berufsorientierung. So l\u00e4uft das Verfahren in der Schule ab: 1.&nbsp;&nbsp;&nbsp;&nbsp;Planspiele, Tests und &hellip; <\/p>\n<p><a class=\"more-link btn\" href=\"https:\/\/www.realschule-altenwalde.de\/wordpress\/berufsorientierung\/ac-kompetenzanalyse\/\">Weiterlesen<\/a><\/p>\n","protected":false},"author":1,"featured_media":1080,"parent":1062,"menu_order":0,"comment_status":"closed","ping_status":"closed","template":"","meta":{"ngg_post_thumbnail":0},"_links":{"self":[{"href":"https:\/\/www.realschule-altenwalde.de\/wordpress\/wp-json\/wp\/v2\/pages\/1067"}],"collection":[{"href":"https:\/\/www.realschule-altenwalde.de\/wordpress\/wp-json\/wp\/v2\/pages"}],"about":[{"href":"https:\/\/www.realschule-altenwalde.de\/wordpress\/wp-json\/wp\/v2\/types\/page"}],"author":[{"embeddable":true,"href":"https:\/\/www.realschule-altenwalde.de\/wordpress\/wp-json\/wp\/v2\/users\/1"}],"replies":[{"embeddable":true,"href":"https:\/\/www.realschule-altenwalde.de\/wordpress\/wp-json\/wp\/v2\/comments?post=1067"}],"version-history":[{"count":6,"href":"https:\/\/www.realschule-altenwalde.de\/wordpress\/wp-json\/wp\/v2\/pages\/1067\/revisions"}],"predecessor-version":[{"id":1521,"href":"https:\/\/www.realschule-altenwalde.de\/wordpress\/wp-json\/wp\/v2\/pages\/1067\/revisions\/1521"}],"up":[{"embeddable":true,"href":"https:\/\/www.realschule-altenwalde.de\/wordpress\/wp-json\/wp\/v2\/pages\/1062"}],"wp:featuredmedia":[{"embeddable":true,"href":"https:\/\/www.realschule-altenwalde.de\/wordpress\/wp-json\/wp\/v2\/media\/1080"}],"wp:attachment":[{"href":"https:\/\/www.realschule-altenwalde.de\/wordpress\/wp-json\/wp\/v2\/media?parent=1067"}],"curies":[{"name":"wp","href":"https:\/\/api.w.org\/{rel}","templated":true}]}}